= -3 + 6. Let l(x) = 343973*x - 8 + 6 - 343975*x. Calculate l(j).
-8
Let s(d) be the third derivative of d**5/60 + 11*d**4/12 - 98*d**3/3 + 7284*d**2. Calculate s(7).
7
Let x(d) = -d**3 - 13*d**2 + 6*d - 119. Let f be x(-14). Let v(w) = 14*w - 10. Give v(f).
-108
Let c(l) = 7 + 9 + 12 + l**2 - 37 - 6*l. Determine c(-4).
31
Let a(v) be the first derivative of v**5/60 + v**4/6 + v**3/3 + v + 12. Let k(y) be the third derivative of a(y). Give k(-8).
-12
Let s(j) = 5*j**3 + 44*j**2 - 29*j - 114. Let y(u) = 3*u**3 + 29*u**2 - 19*u - 76. Let g(l) = -5*s(l) + 8*y(l). Let m be (-10 - 44/(-4))*11. Give g(m).
6
Let n(c) = 18*c - 4. Let s(b) = -11*b + 2. Let y(t) = -3*n(t) - 5*s(t). Let g(l) = -l**3 - 6*l**2 - 4*l + 8. Let r(m) = g(m) - y(m). Calculate r(-5).
6
Let p = -906050 + 906045. Let o(y) = -y + 1. Let k(c) = c**2 + 6*c - 7. Let d(n) = k(n) + 3*o(n). Give d(p).
6
Let j(z) = -15*z + 35. Let b be j(4). Let h = -22 - b. Suppose -19 = -h*i - 2*v, 0 = -2*v - 5 + 15. Let s(x) = -2*x**2 - 4. Give s(i).
-22
Let l(b) = b + 29. Let i(h) = -h**3 - 16*h**2 + 9*h + 356. Let w be i(-15). Determine l(w).
25
Let l be (-17847)/18 + 3/2. Let v be (-12)/21 - l/42. Let a(f) = -f**3 + v*f**2 - 2*f + f - 19*f**2. Calculate a(3).
6
Let m = -1152 - -1149. Let n(g) = 3 - g + 0*g + g + 2*g. What is n(m)?
-3
Let k = -5 + -6. Let c = -76 - -83. Let s = k + c. Let u(t) = t - 4. Calculate u(s).
-8
Let l(v) = -v + 12. Let t(n) = -n + 10. Let h(c) = -5*l(c) + 6*t(c). Let x = -69 - -63. Determine h(x).
6
Let d(h) be the first derivative of h**3/3 + 3*h**2 - 3*h - 11145. Let z be ((-5)/4)/(2/8). Give d(z).
-8
Let v be 4/8 + 10/4. Let r(a) be the first derivative of 15*a**2/2 - 12*a - 1. Let s(i) = -5*i + 4. Let q(j) = 3*r(j) + 8*s(j). Give q(v).
11
Suppose -424*t + 138*t + 286 = 0. Let i(u) = 5*u**2 + 2*u - 2. Let y(s) = -3*s**2 - s + 1. Let n(o) = 6*i(o) + 13*y(o). Calculate n(t).
-9
Let t(a) = 2*a - 6. Let o = 62 - 59. Suppose 2*w - o - 13 = -2*l, 0 = -w + 2. What is t(l)?
6
Let p(t) = -2 + 10*t + 6 - 9*t**2 - t**3 + 2. Suppose -5*x + 4*h - 42 = 0, 3*x - 5*h + 10 = x. Let r be p(x). Let l(n) = n**3 - 6*n**2 + n + 3. Calculate l(r).
9
Let o(g) = 37 + 695*g - 5 - 702*g + 18. Give o(6).
8
Let v(b) = -b**3 + 6*b**2 - b + 8. Let t = 16 - 9. Let y(w) = 6*w - 41. Let i(f) = -f. Let z(m) = -i(m) - y(m). Let l be z(t). Determine v(l).
2
Let p(g) be the second derivative of g**4/6 - 7*g**3/2 - 9*g**2/2 - 641*g - 2. Calculate p(11).
2
Let k(g) = -g**2 + 10*g - 10. Suppose -2*c - 2 = -12. Suppose -5*d + 3*v = -18 - c, -2*v = d - 15. Determine k(d).
11
Let c(p) = 1 + 7*p + 6 - 11 + 4 + 2. What is c(1)?
9
Suppose 0 = 6*c + 46 - 97 + 45. Let q(s) = s**3 - s**2 + s - 1. Let h(l) = 31*l**3 + 2*l**2 - 3*l + 2. Let t(g) = -h(g) - q(g). Give t(c).
-32
Let v be 20/(5/(-2790)*-4). Let i(b) = -2*b + 2790 - v. Give i(-6).
12
Let g(y) = 8*y + 8*y**2 - 35947*y**3 + 35946*y**3 + 27 - 19*y. Determine g(7).
-1
Let d = 1479 + -1480. Let c(x) be the first derivative of 14/3*x**3 + 1/2*x**2 + 0*x + 6. Calculate c(d).
13
Let s(a) = 388*a + a**2 - 407*a + 30 + 15. Give s(16).
-3
Let n(y) = -2*y**2 - 28*y + 15. Let s be n(-5). Let q be 70/s + 13/3. Let w(f) = f + 1. Give w(q).
6
Let z = -80 - -82. Let x be 14/8*z + 210/(-140). Let y(a) = -603*a + a**x + 603*a + 24. What is y(0)?
24
Let m(r) = r - 13. Let s = 33 - 30. Suppose -7*y + 3*y = -3*d - 2, 0 = -s*y - 3*d + 12. Suppose 0 = -y*a - 1 + 15. What is m(a)?
-6
Let i = 4 - 4. Let t(g) = -23*g + 99. Let v be t(-8). Let b(n) = -562*n + 278*n - 7 + v*n. Determine b(i).
-7
Suppose -29*h + 195 = 10*h. Let c(b) = 2*b**2 - 13*b + 5. What is c(h)?
-10
Let k(n) = 213*n**2 + 119 - 212*n**2 - 13*n - 21*n. Give k(30).
-1
Let t(l) = 27933*l + 5 - 3 + 27925*l + 9 - 55859*l. Suppose -3*v + 11 + 13 = 0. What is t(v)?
3
Suppose -12*q + 52 = -20. Let f = 1 + q. Let k(v) = v**2 - 9*v + 8. Give k(f).
-6
Let z(r) = 11*r**2 + 16*r - 1. Let a(n) = -6*n**2 - 8*n + 1. Let u(c) = 5*a(c) + 3*z(c). Let w be u(-3). Let s(v) = 5*v - 5. Calculate s(w).
20
Let x(z) = z**3 - 2*z**2 + 3*z - 1. Let q(k) = 14*k - 2*k + 11*k + 219 - 262. Let s be q(2). Give x(s).
17
Let a(f) = -f**3 - 2 + 2*f**2 + 2 - 1 + 2*f. Suppose 47*h - 67*h = -180. Suppose 100*x - h = 97*x. Give a(x).
-4
Let q(z) = -12*z**3 + z**2 - 3*z - 2. Let o(a) = -16*a - 273. Let g be o(-17). Determine q(g).
14
Let g(p) = -4*p**2 + 12*p + 9. Let z(q) = q**2 - q - 1. Let o(r) = g(r) + 5*z(r). Let w be o(-4). Let m(u) = 3*u + 6. Give m(w).
-18
Let b(u) = -u**2 - 29*u - 154. Let s be b(-8). Let l(v) = v**2 - 10*v - 58. What is l(s)?
-2
Let y(i) = 4*i + 2. Let z(s) = s**2 - 46*s + 5. Let o(r) = 8*y(r) + z(r). Determine o(10).
-19
Suppose -1481*x = -1477*x - 13 + 5. Let p(w) = -w**2 + 5*w - 3. Determine p(x).
3
Let z(v) = -34*v - 516. Let f be z(-15). Let r(k) = -2*k**2 - 2*k + 10. What is r(f)?
-50
Let c(v) = -43*v - 120. Let b(s) = 43*s + 149. Let l(d) = -3*b(d) - 4*c(d). Give l(-1).
-10
Let d(v) = -2*v - 2. Let b(o) = o**3 - 25*o**2 - 2*o + 53. Let g be b(25). Suppose w = 4, 5*p - w - 9 = g*w. Give d(p).
-12
Suppose -3*t = -3*j + 2*j - 112, -2*t + j = -74. Let k be t/(-6) - 12/(-36). Let w(y) = y + 4. Let p be w(k). Let h(a) = -2*a**2 + 3*a + 3. What is h(p)?
-11
Let c(y) = 10*y + 6*y**2 - y + 6*y**2 + 6 + y**2 - 25*y**2 + y**3. Suppose 3*p = -5*n + 43, 7*p - 2*p - 53 = n. Determine c(p).
-16
Let o(i) = 39979 - 79870 + 39960 + 4*i. Calculate o(-17).
1
Let f(s) = s**2 - 11*s - 1. Let q(r) = 17*r**2 - 138*r + 2. Let x(a) = -12*f(a) + q(a). What is x(3)?
41
Let i(s) = -s**3 - 14*s**2 - 2*s - 29. Let d be i(-14). Let l be d*2*(-15)/(-10)*1. Let p(u) = u**3 + 3*u**2 - u - 1. Give p(l).
2
Let s(p) = p**2 + 81*p + 1389. Let g be s(-56). Let n(c) = -c**3 - 11*c**2 - 3*c + 3. What is n(g)?
36
Let v(r) be the first derivative of -r**4/2 - 50*r**3/3 - r**2/2 - 18*r + 2647. Determine v(-25).
7
Let s(n) = n**2 - 13*n - 112. Let m be s(-6). Let a(v) = v**3 - 16842*v - 3 + 16842*v - 4*v**m. What is a(4)?
-3
Let s = 22880 + -22875. Let p(f) = 2*f**2 - 4*f - 17. Give p(s).
13
Suppose -u - 2*n = -17, 0*u - 4*n = u - 19. Let q(y) = 8 - u + 7*y**2 + y - 5*y - y**3. Let o(g) = -5*g**3 + g**2 - 2*g - 2. Let a be o(-1). Determine q(a).
5
Let w(a) = -41 + 115352*a - 115342*a - 176. Give w(21).
-7
Let x(u) = -u**3 + 17*u**2 + 15*u + 12. Suppose -4*k - 6468*i + 6466*i = -66, -4*k = -4*i - 84. What is x(k)?
-42
Let f(c) be the second derivative of c**4/12 + c**3/2 + 12*c**2 + 2018*c. Give f(8).
112
Let b(u) = u**2 + 2*u + 1. Suppose 0 = 5*n - 8 - 2. Let o = -46 - -43. Let a(l) = 3*l. Let x(w) = n*b(w) + o*a(w). What is x(3)?
5
Let n(z) = -16*z - 63. Let m(r) = -42*r - 592. Let v be m(-14). Give n(v).
1
Let g(y) = 9*y**2 + 21*y + 6. Let o be g(-4). Let p = o - 68. Let i(b) = -7*b + 1. Give i(p).
15
Let g(q) = 2*q**2 + 2*q + 46. Let k(l) = -9*l**2 + 23*l - 263. Let d(u) = -5*g(u) - k(u). Give d(-34).
-1
Let u(v) be the third derivative of -53*v**4/24 - 82*v**3/3 - 2*v**2 - 8*v. Let q be u(-3). Let t(a) = -a. Determine t(q).
5
Let i(u) be the first derivative of -u**3/3 + 9*u**2/2 + 5*u - 204. Let h = -16 - -25. What is i(h)?
5
Let o(d) be the third derivative of -d**6/120 - d**5/30 + d**4/4 + 5*d**3/3 - 2282*d**2. Give o(-3).
1
Let u = 1061 + -1062. Let m(q) = 15*q**3 - q**2 - q - 2. What is m(u)?
-17
Let k(s) = -14*s - 7 - 29*s**2 + 54*s**2 - 26*s**2. Determine k(-6).
41
Let x(j) be the first derivative of -j**4/4 - 13*j**3/3 - 11*j**2 + 16*j + 118. Give x(-11).
16
Let s be 0/4*8/(-16). Let h = s - -3. Let m(p) = p + 4. Let w(n) = -n - 8. Let o(g) = 7*m(g) + 4*w(g). Determine o(h).
5
Suppose a - 1 = 37. Suppose -4*h - 26 + a = 0. Let t(u) = -u**3 + 3*u**2 + 3. Calculate t(h).
3
Let p = 93 - 81. Let k = -10 + p. Suppose -4 = 3*r + 4*w, 5*r + 13 = -k*w - 3. Let h(t) = t**2 + 5*t + 2. Give h(r).
-2
Let v(w) be the second derivative of w**5/20 - 5*w**4/6 + 5*w**3/3 - 2*w**2 + 329*w - 3. Give v(8).
-52
Let v(t) be the first derivative of t + 1/2*t**2 - 11. Let r = 806 - 808. Give v(r).
-1
Let g(a) be the first derivative of a**5/30 - a**4/2 + a**3 + 149*a**2/2 + 139. Let h(v) be the second derivative of g(v). What is h(6)?
6
Let z(c) be the third derivative of c**5/60 - 3*c**4/8 - 5*c**3/6 - 5*c**2 + 2*c. Let y(o) = -o**2 + 44*o + 54. Let r be y(45). Give z(r).
-5
Le